{"id":64,"date":"2025-01-07T20:26:28","date_gmt":"2025-01-07T18:26:28","guid":{"rendered":"https:\/\/pood.vly.ee\/?post_type=product&#038;p=64"},"modified":"2025-10-22T02:07:02","modified_gmt":"2025-10-22T00:07:02","slug":"korge-mere-paal","status":"publish","type":"product","link":"https:\/\/pood.vly.ee\/index.php\/toode\/korge-mere-paal\/","title":{"rendered":"K\u00f5rge mere p\u00e4\u00e4l"},"content":{"rendered":"<p>Ilmumisaasta: <b>2024<\/b><\/p>\n<p>T\u00e4name Jaan T\u00e4ttet ja John Conolly\u2019t!<br \/>\nMany thanks, greetings and huge embrace to Mr. John Conolly from England!<br \/>\nFiddlers\u2019 Green now in Estonian!<br \/>\nAn Association Of Little Accordions \u2013 from Estonia<\/p>\n<p>Salvestatud ERR 2. stuudios<br \/>\nStuudio\u00fclesv\u00f5te Ats Treimaa<br \/>\nMikstuur Teet Kehlmann<\/p>\n<p><b><u>V\u00e4ikeste L\u00f5\u00f5tspillide \u00dching<\/u><\/b><br \/>\nMarko Matvere<br \/>\nRaido Koppel<br \/>\nErkki-Kalle Esop<br \/>\nJoel Sarv<br \/>\nSander Udikas<br \/>\nAivar Vassiljev<\/p>\n","protected":false},"excerpt":{"rendered":"<p>Ilmumisaasta: 2024 T\u00e4name Jaan T\u00e4ttet ja John Conolly\u2019t! Many thanks, greetings and huge embrace to Mr. John Conolly from England! Fiddlers\u2019 Green now in Estonian! An Association Of Little Accordions \u2013 from Estonia Salvestatud ERR 2. stuudios Stuudio\u00fclesv\u00f5te Ats Treimaa Mikstuur Teet Kehlmann V\u00e4ikeste L\u00f5\u00f5tspillide \u00dching Marko Matvere Raido Koppel Erkki-Kalle Esop Joel Sarv Sander [&hellip;]<\/p>\n","protected":false},"featured_media":65,"template":"","meta":[],"product_brand":[],"product_cat":[15],"product_tag":[17],"class_list":{"0":"post-64","1":"product","2":"type-product","3":"status-publish","4":"has-post-thumbnail","6":"product_cat-plaadid","7":"product_tag-vlu-35","9":"first","10":"instock","11":"shipping-taxable","12":"purchasable","13":"product-type-simple"},"_links":{"self":[{"href":"https:\/\/pood.vly.ee\/index.php\/wp-json\/wp\/v2\/product\/64","targetHints":{"allow":["GET"]}}],"collection":[{"href":"https:\/\/pood.vly.ee\/index.php\/wp-json\/wp\/v2\/product"}],"about":[{"href":"https:\/\/pood.vly.ee\/index.php\/wp-json\/wp\/v2\/types\/product"}],"wp:featuredmedia":[{"embeddable":true,"href":"https:\/\/pood.vly.ee\/index.php\/wp-json\/wp\/v2\/media\/65"}],"wp:attachment":[{"href":"https:\/\/pood.vly.ee\/index.php\/wp-json\/wp\/v2\/media?parent=64"}],"wp:term":[{"taxonomy":"product_brand","embeddable":true,"href":"https:\/\/pood.vly.ee\/index.php\/wp-json\/wp\/v2\/product_brand?post=64"},{"taxonomy":"product_cat","embeddable":true,"href":"https:\/\/pood.vly.ee\/index.php\/wp-json\/wp\/v2\/product_cat?post=64"},{"taxonomy":"product_tag","embeddable":true,"href":"https:\/\/pood.vly.ee\/index.php\/wp-json\/wp\/v2\/product_tag?post=64"}],"curies":[{"name":"wp","href":"https:\/\/api.w.org\/{rel}","templated":true}]}}